
7
What is the hundred millions digit of 191637971?
1
What is the ten millions digit of 2339288768?
3
What is the ten millions digit of 53386743?
5
What is the hundred thousands digit of 22746019?
7
What is the hundred thousands digit of 1419456?
4
What is the thousands digit of 687313935?
3
What is the millions digit of 1412913926?
2
What is the units digit of 123862031?
1
What is the thousands digit of 33027145?
7
What is the ten millions digit of 72315176?
7
What is the hundred thousands digit of 1186407457?
4
What is the hundred millions digit of 727231416?
7
What is the hundreds digit of 162386843?
8
What is the hundred millions digit of 250872255?
2
What is the ten thousands digit of 2255794513?
9
What is the ten millions digit of 205122018?
0
What is the ten thousands digit of 706328980?
2
What is the tens digit of 2659663529?
2
What is the ten thousands digit of 63572726?
7
What is the ten millions digit of 10109872?
1
What is the thousands digit of 13379500?
9
What is the millions digit of 678114166?
8
What is the hundreds digit of 5320917?
9
What is the ten millions digit of 352518917?
5
What is the units digit of 1774519437?
7
What is the millions digit of 114864009?
4
What is the ten thousands digit of 27763045?
6
What is the millions digit of 92330886?
2
What is the ten millions digit of 48247837?
4
What is the billions digit of 1765574629?
1
What is the ten thousands digit of 852555938?
5
What is the tens digit of 430977793?
9
What is the units digit of 1331174841?
1
What is the tens digit of 1313178877?
7
What is the hundred thousands digit of 395946443?
9
What is the tens digit of 7358272?
7
What is the units digit of 24717919?
9
What is the hundreds digit of 1291598414?
4
What is the ten millions digit of 27835649?
2
What is the ten millions digit of 24814568?
2
What is the units digit of 2417457775?
5
What is the hundred thousands digit of 91016427?
0
What is the hundreds digit of 95684885?
8
What is the tens digit of 23726792?
9
What is the tens digit of 416533521?
2
What is the hundred thousands digit of 291317227?
3
What is the millions digit of 224215305?
4
What is the millions digit of 545742481?
5
What is the ten thousands digit of 5793691923?
9
What is the hundreds digit of 1645671870?
8
What is the units digit of 272930358?
8
What is the units digit of 159243168?
8
What is the millions digit of 2323763559?
3
What is the thousands digit of 270956276?
6
What is the hundreds digit of 73316439?
4
What is the millions digit of 584061476?
4
What is the tens digit of 1235146992?
9
What is the millions digit of 3488637597?
8
What is the ten millions digit of 8014924029?
1
What is the hundred millions digit of 579319562?
5
What is the hundreds digit of 20865836?
8
What is the millions digit of 1001408389?
1
What is the ten thousands digit of 971144144?
4
What is the units digit of 3318814903?
3
What is the hundred millions digit of 2603644237?
6
What is the millions digit of 7066459?
7
What is the units digit of 43930090?
0
What is the hundreds digit of 794655248?
2
What is the hundred millions digit of 3273754353?
2
What is the thousands digit of 49352354?
2
What is the tens digit of 149740322?
2
What is the hundred thousands digit of 2237091657?
0
What is the units digit of 195444951?
1
What is the hundreds digit of 264119617?
6
What is the hundred thousands digit of 3617857116?
8
What is the ten millions digit of 19226423?
1
What is the units digit of 26124651?
1
What is the ten millions digit of 743211488?
4
What is the units digit of 746196227?
7
What is the thousands digit of 516918668?
8
What is the thousands digit of 3721613773?
3
What is the hundreds digit of 637756064?
0
What is the hundred thousands digit of 49430642?
4
What is the tens digit of 2101325335?
3
What is the millions digit of 443312542?
3
What is the hundred millions digit of 476636805?
4
What is the millions digit of 1828222220?
8
What is the ten thousands digit of 444716522?
1
What is the ten thousands digit of 107313137?
1
What is the hundred thousands digit of 1301139681?
1
What is the ten thousands digit of 2009423239?
2
What is the ten thousands digit of 167071274?
7
What is the hundred thousands digit of 6678292?
6
What is the thousands digit of 2753697?
3
What is the ten millions digit of 738924292?
3
What is the ten millions digit of 40209391?
4
What is the billions digit of 1153096642?
1
What is the hundreds digit of 55907770?
7
What is the hundred millions digit of 417148889?
4
What is the hundred millions digit of 148734673?
1
What is the ten millions digit of 635814193?
3
What is the hundred thousands digit of 19067285?
0
What is the ten thousands digit of 57212819?
1
What is the ten thousands digit of 62623472?
2
What is the hundred millions digit of 168616602?
1
What is the hundred thousands digit of 208990565?
9
What is the hundred thousands digit of 8080167846?
1
What is the units digit of 108437938?
8
What is the hundred thousands digit of 60534661?
5
What is the tens digit of 739099510?
1
What is the thousands digit of 11707841?
7
What is the ten millions digit of 786819149?
8
What is the hundreds digit of 956150751?
7
What is the ten millions digit of 1123637128?
2
What is the thousands digit of 273829648?
9
What is the ten millions digit of 3392889185?
9
What is the ten millions digit of 26737274?
2
What is the hundreds digit of 1355348953?
9
What is the thousands digit of 46063294?
3
What is the ten thousands digit of 3642283246?
8
What is the ten thousands digit of 80417320?
1
What is the ten thousands digit of 674981543?
8
What is the units digit of 169179396?
6
What is the billions digit of 1880000356?
1
What is the ten thousands digit of 483825775?
2
What is the thousands digit of 6503857?
3
What is the hundreds digit of 929085004?
0
What is the hundred millions digit of 1789163032?
7
What is the thousands digit of 29591032?
1
What is the ten millions digit of 1869001473?
6
What is the hundreds digit of 524969786?
7
What is the units digit of 511416563?
3
What is the hundreds digit of 931268?
2
What is the ten millions digit of 47013804?
4
What is the units digit of 11616673?
3
What is the thousands digit of 52295856?
5
What is the billions digit of 4051122271?
4
What is the units digit of 3459433932?
2
What is the ten thousands digit of 3161256838?
5
What is the hundred thousands digit of 702851850?
8
What is the hundred millions digit of 3123295170?
1
What is the tens digit of 65041238?
3
What is the ten millions digit of 97851666?
9
What is the millions digit of 141764707?
1
What is the ten millions digit of 2174709253?
7
What is the units digit of 77011242?
2
What is the tens digit of 480508413?
1
What is the units digit of 53738754?
4
What is the units digit of 39318722?
2
What is the tens digit of 5646277?
7
What is the hundred thousands digit of 188376429?
3
What is the hundred thousands digit of 425330771?
3
What is the ten thousands digit of 68839931?
3
What is the hundreds digit of 13417368?
3
What is the tens digit of 35363987?
8
What is the billions digit of 1054917528?
1
What is the hundreds digit of 251335114?
1
What is the units digit of 119021246?
6
What is the billions digit of 2652281097?
2
What is the hundred millions digit of 357266418?
3
What is the tens digit of 240091078?
7
What is the ten thousands digit of 160822062?
2
What is the tens digit of 1122884849?
4
What is the hundred thousands digit of 44449522?
4
What is the hundred thousands digit of 1810715884?
7
What is the hundred thousands digit of 2253810732?
8
What is the units digit of 55522890?
0
What is the ten millions digit of 8033085552?
3
What is the ten millions digit of 39564656?
3
What is the millions digit of 43719549?
3
What is the ten millions digit of 30368517?
3
What is the units digit of 776486557?
7
What is the ten millions digit of 46133519?
4
What is the hundreds digit of 2950517570?
5
What is the millions digit of 41790385?
1
What is the thousands digit of 2056047?
6
What is the hundred millions digit of 1010812474?
0
What is the millions digit of 57512027?
7
What is the units digit of 100759210?
0
What is the units digit of 72255720?
0
What is the units digit of 174809331?
1
What is the ten thousands digit of 1068790242?
9
Wh